 Let l = -34 - c. Let p = -54468 - -54512. Calculate the highest common factor of l and p.
22
Suppose 4*a + 190200 = 104*a. What is the greatest common factor of 18 and a?
6
Let j be 6 - ((-154)/(-847) + (-761)/11). What is the greatest common divisor of j and 5675?
25
Let n be (-5 - 1 - 21424/312)*(-6)/4. Calculate the greatest common factor of 63 and n.
7
Let m be 7 - 129*(-56)/24*3. Calculate the highest common divisor of m and 1170.
130
Let j = -75340 + 75372. Let x be (-764)/(-6) - 4/(-6). What is the greatest common divisor of j and x?
32
Let h = 1687 + -1660. Calculate the greatest common factor of h and 7911.
27
Let d be -5*(2 - 1) - (-74 - -72). Let j be (-4 + d)/((-5)/25). What is the highest common factor of 5 and j?
5
Suppose -5*h = 0, -4*o - h + 28 = -3*o. Let f = 265 - 185. Suppose 4*k - f + o = 0. Calculate the highest common divisor of 104 and k.
13
Let q(h) = -4*h**2 + 368*h - 478. Let p be q(68). What is the greatest common divisor of p and 50?
50
Let q be (-15)/3 - (-82 + 14 + 3 + -9). Suppose 4*r = t + 2*t + 374, 2*t = 3*r - 280. What is the greatest common factor of r and q?
23
Let d be 82/(-1435) + (-144)/(-70). Calculate the highest common factor of 506 and d.
2
Suppose z + 657 = -5*q - 1613, -3*q - 1340 = 5*z. Let w = 675 + q. Let u = 9 - -79. What is the highest common factor of u and w?
44
Let k be (290/(-20) - -17)*(-2 - -4) - -331. Calculate the highest common divisor of k and 16.
16
Suppose -42*a = -48*a + 12. Let f be 848/5 - (a/(-5) + 0). Calculate the highest common divisor of f and 15.
5
Let h(t) = 2*t + 16. Suppose -3*k + 2*k + 15 = -5*c, 0 = k. Let p be h(c). Let a = -105 - -155. Calculate the highest common factor of a and p.
10
Let s(p) = 26*p + 11. Let g be s(2). Let r = g + -18. Let f be (-7)/((-3)/(r/3)). Calculate the greatest common divisor of f and 245.
35
Let s = -15065 - -22520. Calculate the highest common divisor of s and 21.
21
Let g(m) = -2*m**3 - 4*m**2 + 1. Let x be g(-2). Let z be x/((-16)/(-6) - 3). Let p be 4/z*-30*1. Calculate the greatest common factor of 4 and p.
4
Suppose -5*i = -7*m + 10*m - 8825, 0 = -5*i + 4*m + 8790. Suppose -2*g - 2*q + 706 = 0, 5*g + 2*q - i = -0*g. Calculate the greatest common factor of 48 and g.
16
Let n = -10 + 16. Let o = -29 + 75. Let b be (88 - 0) + 368/o. What is the greatest common factor of n and b?
6
Let f = 172 - 144. Let u(c) = -c**3 - 24*c**2 - 44*c + 28. Let b be u(-22). Calculate the greatest common divisor of f and b.
28
Suppose -5 = -3*l - 14. Let c = l - -5. Suppose 0*f = -5*g - c*f + 135, -4*g + 5*f = -108. Calculate the highest common divisor of 3 and g.
3
Let w(m) = 11*m**2 + 91*m - 2407. Let i be w(20). What is the greatest common divisor of 31 and i?
31
Let o(r) = r**2 + 43*r - 28. Let p be o(-15). Let g = p - -532. Calculate the greatest common factor of g and 476.
28
Suppose -2*i + 1610 = 3*i. Suppose 260*r = 288*r + 31472. Let m = r + 1170. Calculate the highest common divisor of m and i.
46
Suppose -4*k = -21 + 1. Suppose 7 + 253 = k*i. What is the highest common factor of i and 12?
4
Suppose 0*c - 3*u - 47 = -4*c, 5*u = -3*c - 1. Suppose 0*y = -c*y + 3*y. Suppose y = -5*i + 38 + 7. What is the greatest common factor of i and 3?
3
Let t = -1708 - -2468. Calculate the highest common factor of 100 and t.
20
Suppose -c = -w + 2*w + 1, 3*c + 3 = 2*w. Suppose w = -2*r - 129 + 39. Let b = -9 - r. Calculate the greatest common factor of b and 36.
36
Let l(a) = 13*a - 26. Let i be l(4). Calculate the highest common divisor of 3861 and i.
13
Let o = 56 + -22. Suppose 4*i = y + 887, 5*i = 6*i - y - 224. Calculate the greatest common factor of i and o.
17
Let b(o) = 3*o**2 - 23*o + 5. Let w be b(11). Let m = w + -10. Calculate the highest common factor of m and 15.
15
Suppose 5*n = -5*g + 520, -21*g = -23*g + n + 220. What is the highest common divisor of 243 and g?
27
Suppose 9*x - 10*x = -421. Suppose -7*d = -2*d - 5, 3*t + d = x. Calculate the highest common divisor of 350 and t.
70
Let m(j) = -j**2 - 6*j + 13. Let v be m(-2). What is the greatest common factor of v and 273?
21
Let c be (-39)/65 - (-15)/25. Suppose c = 8*z + 183 - 663. Calculate the highest common divisor of z and 75.
15
Let p = 7041 + -4645. What is the highest common divisor of 4 and p?
4
Let b(q) = 10*q + 110. Let n = -21 - -32. Let z be b(n). Calculate the greatest common divisor of z and 88.
44
Let z(i) = -3 - 3*i**2 - 15*i + 5*i**2 + 16*i. Let s be z(-3). Let u(k) = 2*k**2 - 6*k - 6. Let l be u(6). Calculate the greatest common divisor of l and s.
6
Suppose -4*m + z = -10873, -1052*z = -3*m - 1057*z + 8126. Calculate the greatest common divisor of 44 and m.
11
Suppose 0 = 6*l + 40 - 46. Let x be (-2)/(-4)*(l - 4 - -279). What is the highest common divisor of x and 6?
6
Suppose 2*z - 1233 = 3*t, 5*z - 2727 = -2*t + 346. Calculate the greatest common divisor of z and 465.
15
Let j(y) = 13*y + 43. Let w(z) = -3*z - 11. Let b(r) = 2*j(r) + 9*w(r). Let n be b(-27). What is the highest common divisor of 5 and n?
1
Let p = 66 + -76. Let k = -137 + 147. Let g be 75/p*k/(-3). What is the greatest common divisor of 200 and g?
25
Let u(o) = 32*o**2 + 8*o - 25. Let n be 1/4 - (10/8 + -1). Suppose 2*s - 11 + 5 = n. Let f be u(s). What is the greatest common factor of f and 41?
41
Let c be 0 + 0 + 15 + -8. Suppose -2*v = -c*v + 150. Suppose -g = 3, 4*f - 2*g = 304 + 2. What is the greatest common divisor of f and v?
15
Let x be ((-189)/(-28))/(2/(-8)). Let j = x + 38. Suppose -531 = -4*v - 487. Calculate the highest common factor of j and v.
11
Suppose -6*d = 44 + 130. Let t be d/(-2) - 12/(-24). What is the highest common factor of t and 195?
15
Suppose -2*x = -14*m + 15*m - 8, -4*m - 3*x = -37. Calculate the highest common factor of m and 615.
5
Let n = -194 + 252. Suppose -60*i + n*i + 42 = 0. What is the highest common divisor of 91 and i?
7
Let x(q) = -18*q - 8. Let p(b) = -b**2 - 14*b + 19. Let m be p(-15). Let w be (-2)/4*72/m. Let g be x(w). Calculate the greatest common factor of 14 and g.
14
Let d be 486/189*(-14)/(-2). Let l(h) = -h**2 + 21*h + 12. Let s be l(d). Calculate the greatest common factor of 132 and s.
66
Suppose -4*o = -22*o + 252. Suppose -4*f = -3*t + 112, 11*f - o*f + 6 = 0. Calculate the highest common factor of t and 100.
20
Suppose -6*s + 3 = 459. Let g = s + 131. Suppose 0 = 4*c - 5*p - 69 - 73, 2*c + 2*p - 62 = 0. What is the highest common divisor of g and c?
11
Suppose -652 + 592 = -12*p. Suppose -p*i - 32 = -2*r, -65*i + 38 = 3*r - 70*i. Calculate the highest common factor of r and 93.
3
Let v = -52026 + 78614. What is the greatest common factor of 92 and v?
92
Let a be (-80)/3*(-19)/((-380)/(-210)). What is the highest common divisor of a and 56?
56
Let o be (20/4)/20 - 325/4. Let m = o - -129. Suppose 5*n = 50 + 10. Calculate the greatest common divisor of m and n.
12
Let i(t) = t**3 - 9*t**2 - 20*t + 38. Let z(f) = 3*f**2 + 17*f - 17. Let d be z(-7). Let x be i(d). What is the greatest common divisor of 45 and x?
15
Let y(f) = 95*f - 161. Let z be y(3). What is the highest common factor of 1922 and z?
62
Let z(v) = -765*v + 5775. Let j be z(7). Calculate the highest common divisor of 8085 and j.
105
Suppose 42 = 5*h + 52, -i + 20 = -2*h. Let g be 40/24*3/(-1). Let p(f) = f**2 + 3*f - 2. Let j be p(g). What is the greatest common factor of i and j?
8
Let a(n) = -7*n + 30. Let m be a(4). Suppose 14 = -d + 4*x, m*x = 7*d - 3*d. What is the greatest common factor of 11 and d?
1
Let r = 4520 - 4333. Calculate the highest common factor of 153 and r.
17
Let w(f) = -f**2 - 49*f - 77. Let l be w(-20). Let o = l - 488. Calculate the greatest common factor of o and 165.
15
Let n be (-959)/35 + 3/(-5). Let h(r) = 3*r**2 + 83*r - 9. Let k be h(n). What is the highest common divisor of 1 and k?
1
Suppose 10*m - 966 = 3*m. Suppose 0 = -13*t + 135 + m. Calculate the greatest common divisor of 12 and t.
3
Let n be (-11)/3*(-12)/4. Let g be ((-172)/(-16))/1*12. Let z = g - 74. Calculate the highest common divisor of n and z.
11
Suppose 5*l = -5*h + 105, -81 = -3*h - h - l. Let o = h - 0. Suppose 4*w = 3*w + o. Calculate the greatest common divisor of w and 10.
10
Suppose -5*b + 4*m = -310, -2*b + 169 = m + 32. Let v = 1009 - 855. Calculate the highest common div